{"id":51,"date":"2021-01-11T10:55:46","date_gmt":"2021-01-11T10:55:46","guid":{"rendered":"http:\/\/marimax.fi\/?page_id=51"},"modified":"2021-11-03T14:04:31","modified_gmt":"2021-11-03T12:04:31","slug":"palvelut","status":"publish","type":"page","link":"https:\/\/marimax.fi\/index.php\/palvelut\/","title":{"rendered":"Palvelut"},"content":{"rendered":"<p>[et_pb_section fb_built=&#8221;1&#8243; admin_label=&#8221;Header&#8221; _builder_version=&#8221;4.7.7&#8243; background_color=&#8221;#000d5b&#8221; background_enable_image=&#8221;off&#8221; module_alignment=&#8221;center&#8221; custom_padding=&#8221;99px||99px|||&#8221; border_width_top=&#8221;5px&#8221; border_color_top=&#8221;#ffffff&#8221; locked=&#8221;off&#8221; global_colors_info=&#8221;{}&#8221;][et_pb_row _builder_version=&#8221;4.7.7&#8243; background_enable_color=&#8221;off&#8221; max_width=&#8221;500px&#8221; global_colors_info=&#8221;{}&#8221;][et_pb_column type=&#8221;4_4&#8243; _builder_version=&#8221;4.4.7&#8243; global_colors_info=&#8221;{}&#8221;][et_pb_text _builder_version=&#8221;4.7.7&#8243; text_font=&#8221;Muli||||||||&#8221; text_font_size=&#8221;22px&#8221; text_line_height=&#8221;1.4em&#8221; header_font=&#8221;Open Sans Condensed||||||||&#8221; header_font_size=&#8221;70px&#8221; text_orientation=&#8221;center&#8221; background_layout=&#8221;dark&#8221; max_width=&#8221;700px&#8221; module_alignment=&#8221;center&#8221; hover_enabled=&#8221;0&#8243; text_font_size_tablet=&#8221;18px&#8221; text_font_size_phone=&#8221;16px&#8221; text_font_size_last_edited=&#8221;on|tablet&#8221; text_line_height_tablet=&#8221;&#8221; text_line_height_phone=&#8221;1.8em&#8221; text_line_height_last_edited=&#8221;on|phone&#8221; header_font_size_tablet=&#8221;48px&#8221; header_font_size_phone=&#8221;30px&#8221; header_font_size_last_edited=&#8221;on|phone&#8221; global_colors_info=&#8221;{}&#8221; sticky_enabled=&#8221;0&#8243;]<\/p>\n<h1>Kotisiivous<\/h1>\n<p>[\/et_pb_text][et_pb_button button_url=&#8221;https:\/\/marimax.fi\/index.php\/tutustumissiivous\/&#8221; button_text=&#8221;Tilaa tutustumissiivous!&#8221; button_alignment=&#8221;center&#8221; _builder_version=&#8221;4.9.1&#8243; custom_button=&#8221;on&#8221; button_text_size=&#8221;22px&#8221; button_bg_color=&#8221;#3dce1c&#8221; button_border_width=&#8221;0px&#8221; button_border_radius=&#8221;50px&#8221; button_font=&#8221;Open Sans Condensed|600|||||||&#8221; background_layout=&#8221;dark&#8221; custom_margin=&#8221;50px||||false|false&#8221; custom_padding=&#8221;15px|40px|15px|40px|true|true&#8221; button_text_size_tablet=&#8221;18px&#8221; button_text_size_phone=&#8221;14px&#8221; button_text_size_last_edited=&#8221;on|phone&#8221; locked=&#8221;off&#8221; global_colors_info=&#8221;{}&#8221;][\/et_pb_button][\/et_pb_column][\/et_pb_row][\/et_pb_section][et_pb_section fb_built=&#8221;1&#8243; _builder_version=&#8221;4.7.7&#8243; _module_preset=&#8221;default&#8221; background_enable_image=&#8221;off&#8221; global_colors_info=&#8221;{}&#8221;][et_pb_row column_structure=&#8221;1_2,1_2&#8243; _builder_version=&#8221;4.7.7&#8243; _module_preset=&#8221;default&#8221; global_colors_info=&#8221;{}&#8221;][et_pb_column type=&#8221;1_2&#8243; _builder_version=&#8221;4.7.7&#8243; _module_preset=&#8221;default&#8221; global_colors_info=&#8221;{}&#8221;][et_pb_text _builder_version=&#8221;4.7.7&#8243; _module_preset=&#8221;default&#8221; header_4_font=&#8221;ABeeZee||||||||&#8221; header_4_text_align=&#8221;justify&#8221; hover_enabled=&#8221;0&#8243; global_colors_info=&#8221;{}&#8221; sticky_enabled=&#8221;0&#8243;]<\/p>\n<h2>PALVELUT KOTITALOUKSILLE:<\/h2>\n<p>[\/et_pb_text][et_pb_text _builder_version=&#8221;4.7.7&#8243; _module_preset=&#8221;default&#8221; text_font=&#8221;ABeeZee||||||||&#8221; text_text_color=&#8221;#000000&#8243; hover_enabled=&#8221;0&#8243; global_colors_info=&#8221;{}&#8221; sticky_enabled=&#8221;0&#8243;]<\/p>\n<ul>\n<li>\n<h3><span>kotisiivoukset<\/span><\/h3>\n<\/li>\n<li>\n<h3><span><\/span>Ikkunoiden pesut<\/h3>\n<\/li>\n<li>\n<h3><span>peruspesut<\/span><\/h3>\n<\/li>\n<li>\n<h3><span>vahaukset<\/span><\/h3>\n<\/li>\n<li>\n<h3><span>muuttosiivoukset<\/span><\/h3>\n<\/li>\n<li>\n<h3><span>remonttisiivoukset<\/span><\/h3>\n<\/li>\n<\/ul>\n<p>[\/et_pb_text][et_pb_text _builder_version=&#8221;4.11.4&#8243; _module_preset=&#8221;default&#8221; header_4_font=&#8221;ABeeZee||||||||&#8221; header_4_text_align=&#8221;justify&#8221; hover_enabled=&#8221;0&#8243; global_colors_info=&#8221;{}&#8221; sticky_enabled=&#8221;0&#8243;]<\/p>\n<h2>YLL\u00c4PITOSIIVOUKSEEN KUULUU:<\/h2>\n<p>Imurointi, lattioiden moppaus, vapaiden tasopintojen pyyhint\u00e4, keitti\u00f6n tasojen ym. pyyhint\u00e4, wc-tilojen pesu, suihkun hanojen ja lattian pyyhint\u00e4. Perusteellinen pesu sovitaan erikseen.<\/p>\n<p>Siivous r\u00e4\u00e4t\u00e4l\u00f6id\u00e4\u00e4n erikseen jokaiselle sopivaksi.<\/p>\n<p><strong>Erikseen tilattavat ty\u00f6t:<\/strong><\/p>\n<p>Roskiskaapin imurointi ja pesu, mattojen tamppaus, roskien vienti ulos, saunan pesu, yl\u00e4p\u00f6lyt, saostumien poisto wc\/suihkutiloista.<span style=\"font-size: 19px;\">\u00a0<\/span><\/p>\n<p>Siivous tapahtuu Marimax:in ammattik\u00e4ytt\u00f6\u00f6n tarkoitetuilla aineilla ja v\u00e4lineill\u00e4. Hygieniasyist\u00e4 k\u00e4yt\u00e4mme kuitenkin aina asiakkaan omaa imuria.<\/p>\n<p>[\/et_pb_text][\/et_pb_column][et_pb_column type=&#8221;1_2&#8243; _builder_version=&#8221;4.7.7&#8243; _module_preset=&#8221;default&#8221; global_colors_info=&#8221;{}&#8221;][et_pb_image src=&#8221;https:\/\/marimax.fi\/wp-content\/uploads\/2021\/01\/daiga-ellaby-uooMllXe6gE-unsplashpo.jpg&#8221; title_text=&#8221;daiga-ellaby-uooMllXe6gE-unsplashpo&#8221; _builder_version=&#8221;4.9.1&#8243; _module_preset=&#8221;default&#8221; global_colors_info=&#8221;{}&#8221;][\/et_pb_image][\/et_pb_column][\/et_pb_row][\/et_pb_section][et_pb_section fb_built=&#8221;1&#8243; admin_label=&#8221;Header&#8221; _builder_version=&#8221;4.7.7&#8243; background_color=&#8221;#000d5b&#8221; background_enable_image=&#8221;off&#8221; module_alignment=&#8221;center&#8221; custom_padding=&#8221;99px||99px|||&#8221; border_width_top=&#8221;5px&#8221; border_color_top=&#8221;#ffffff&#8221; locked=&#8221;off&#8221; global_colors_info=&#8221;{}&#8221;][et_pb_row _builder_version=&#8221;4.7.7&#8243; background_enable_color=&#8221;off&#8221; max_width=&#8221;500px&#8221; global_colors_info=&#8221;{}&#8221;][et_pb_column type=&#8221;4_4&#8243; _builder_version=&#8221;4.4.7&#8243; global_colors_info=&#8221;{}&#8221;][et_pb_text _builder_version=&#8221;4.7.7&#8243; text_font=&#8221;Muli||||||||&#8221; text_font_size=&#8221;22px&#8221; text_line_height=&#8221;1.4em&#8221; header_font=&#8221;Open Sans Condensed||||||||&#8221; header_font_size=&#8221;70px&#8221; text_orientation=&#8221;center&#8221; background_layout=&#8221;dark&#8221; max_width=&#8221;700px&#8221; module_alignment=&#8221;center&#8221; hover_enabled=&#8221;0&#8243; text_font_size_tablet=&#8221;18px&#8221; text_font_size_phone=&#8221;16px&#8221; text_font_size_last_edited=&#8221;on|tablet&#8221; text_line_height_tablet=&#8221;&#8221; text_line_height_phone=&#8221;1.8em&#8221; text_line_height_last_edited=&#8221;on|phone&#8221; header_font_size_tablet=&#8221;48px&#8221; header_font_size_phone=&#8221;30px&#8221; header_font_size_last_edited=&#8221;on|phone&#8221; global_colors_info=&#8221;{}&#8221; sticky_enabled=&#8221;0&#8243;]<\/p>\n<h1>Yrityspalvelut<\/h1>\n<p>[\/et_pb_text][et_pb_button button_url=&#8221;https:\/\/marimax.fi\/index.php\/yrityssiivous\/&#8221; button_text=&#8221;Tutustu yrityssiivouksiin&#8221; button_alignment=&#8221;center&#8221; _builder_version=&#8221;4.9.1&#8243; custom_button=&#8221;on&#8221; button_text_size=&#8221;22px&#8221; button_bg_color=&#8221;#3dce1c&#8221; button_border_width=&#8221;0px&#8221; button_border_radius=&#8221;50px&#8221; button_font=&#8221;Open Sans Condensed|600|||||||&#8221; background_layout=&#8221;dark&#8221; custom_margin=&#8221;50px||||false|false&#8221; custom_padding=&#8221;15px|40px|15px|40px|true|true&#8221; button_text_size_tablet=&#8221;18px&#8221; button_text_size_phone=&#8221;14px&#8221; button_text_size_last_edited=&#8221;on|phone&#8221; locked=&#8221;off&#8221; global_colors_info=&#8221;{}&#8221;][\/et_pb_button][\/et_pb_column][\/et_pb_row][\/et_pb_section]<\/p>\n","protected":false},"excerpt":{"rendered":"<p>KotisiivousPALVELUT KOTITALOUKSILLE: kotisiivoukset Ikkunoiden pesut peruspesut vahaukset muuttosiivoukset remonttisiivoukset YLL\u00c4PITOSIIVOUKSEEN KUULUU: Imurointi, lattioiden moppaus, vapaiden tasopintojen pyyhint\u00e4, keitti\u00f6n tasojen ym. pyyhint\u00e4, wc-tilojen pesu, suihkun hanojen ja lattian pyyhint\u00e4. Perusteellinen pesu sovitaan erikseen. Siivous r\u00e4\u00e4t\u00e4l\u00f6id\u00e4\u00e4n erikseen jokaiselle sopivaksi. Erikseen tilattavat ty\u00f6t: Roskiskaapin imurointi ja pesu, mattojen tamppaus, roskien vienti ulos, saunan pesu, yl\u00e4p\u00f6lyt, saostumien poisto wc\/suihkutiloista.\u00a0 [&hellip;]<\/p>\n","protected":false},"author":1,"featured_media":0,"parent":0,"menu_order":0,"comment_status":"closed","ping_status":"closed","template":"","meta":{"_et_pb_use_builder":"on","_et_pb_old_content":"","_et_gb_content_width":"","footnotes":""},"class_list":["post-51","page","type-page","status-publish","hentry"],"_links":{"self":[{"href":"https:\/\/marimax.fi\/index.php\/wp-json\/wp\/v2\/pages\/51","targetHints":{"allow":["GET"]}}],"collection":[{"href":"https:\/\/marimax.fi\/index.php\/wp-json\/wp\/v2\/pages"}],"about":[{"href":"https:\/\/marimax.fi\/index.php\/wp-json\/wp\/v2\/types\/page"}],"author":[{"embeddable":true,"href":"https:\/\/marimax.fi\/index.php\/wp-json\/wp\/v2\/users\/1"}],"replies":[{"embeddable":true,"href":"https:\/\/marimax.fi\/index.php\/wp-json\/wp\/v2\/comments?post=51"}],"version-history":[{"count":18,"href":"https:\/\/marimax.fi\/index.php\/wp-json\/wp\/v2\/pages\/51\/revisions"}],"predecessor-version":[{"id":279,"href":"https:\/\/marimax.fi\/index.php\/wp-json\/wp\/v2\/pages\/51\/revisions\/279"}],"wp:attachment":[{"href":"https:\/\/marimax.fi\/index.php\/wp-json\/wp\/v2\/media?parent=51"}],"curies":[{"name":"wp","href":"https:\/\/api.w.org\/{rel}","templated":true}]}}